{"version":"1.0","provider_name":"Asociaci\u00f3n Pro Derechos Humanos de Andaluc\u00eda","provider_url":"https:\/\/www.apdha.org\/sevilla","author_name":"apdha_sevilla","author_url":"https:\/\/www.apdha.org\/sevilla\/author\/apdha_sevilla\/","title":"19-11-2019 Concentraci\u00f3n: \u00a1Plantemos cara a los discursos de odio! - Asociaci\u00f3n Pro Derechos Humanos de Andaluc\u00eda","type":"rich","width":600,"height":338,"html":"<blockquote class=\"wp-embedded-content\" data-secret=\"kbHJDO5BgD\"><a href=\"https:\/\/www.apdha.org\/sevilla\/19-11-2019-concentracion-somos-migrantes\/\">19-11-2019 Concentraci\u00f3n: \u00a1Plantemos cara a los discursos de odio!<\/a><\/blockquote><iframe sandbox=\"allow-scripts\" security=\"restricted\" src=\"https:\/\/www.apdha.org\/sevilla\/19-11-2019-concentracion-somos-migrantes\/embed\/#?secret=kbHJDO5BgD\" width=\"600\" height=\"338\" title=\"\u00ab19-11-2019 Concentraci\u00f3n: \u00a1Plantemos cara a los discursos de odio!\u00bb \u2014 Asociaci\u00f3n Pro Derechos Humanos de Andaluc\u00eda\" data-secret=\"kbHJDO5BgD\" frameborder=\"0\" marginwidth=\"0\" marginheight=\"0\" scrolling=\"no\" class=\"wp-embedded-content\"><\/iframe><script type=\"text\/javascript\">\n\/* <![CDATA[ *\/\n\/*! This file is auto-generated *\/\n!function(d,l){\"use strict\";l.querySelector&&d.addEventListener&&\"undefined\"!=typeof URL&&(d.wp=d.wp||{},d.wp.receiveEmbedMessage||(d.wp.receiveEmbedMessage=function(e){var t=e.data;if((t||t.secret||t.message||t.value)&&!\/[^a-zA-Z0-9]\/.test(t.secret)){for(var s,r,n,a=l.querySelectorAll('iframe[data-secret=\"'+t.secret+'\"]'),o=l.querySelectorAll('blockquote[data-secret=\"'+t.secret+'\"]'),c=new RegExp(\"^https?:$\",\"i\"),i=0;i<o.length;i++)o[i].style.display=\"none\";for(i=0;i<a.length;i++)s=a[i],e.source===s.contentWindow&&(s.removeAttribute(\"style\"),\"height\"===t.message?(1e3<(r=parseInt(t.value,10))?r=1e3:~~r<200&&(r=200),s.height=r):\"link\"===t.message&&(r=new URL(s.getAttribute(\"src\")),n=new URL(t.value),c.test(n.protocol))&&n.host===r.host&&l.activeElement===s&&(d.top.location.href=t.value))}},d.addEventListener(\"message\",d.wp.receiveEmbedMessage,!1),l.addEventListener(\"DOMContentLoaded\",function(){for(var e,t,s=l.querySelectorAll(\"iframe.wp-embedded-content\"),r=0;r<s.length;r++)(t=(e=s[r]).getAttribute(\"data-secret\"))||(t=Math.random().toString(36).substring(2,12),e.src+=\"#?secret=\"+t,e.setAttribute(\"data-secret\",t)),e.contentWindow.postMessage({message:\"ready\",secret:t},\"*\")},!1)))}(window,document);\n\/* ]]> *\/\n<\/script>\n","thumbnail_url":"https:\/\/www.apdha.org\/sevilla\/wp-content\/uploads\/75220788_2509239645961467_9159997612558909440_n.jpg","thumbnail_width":720,"thumbnail_height":720,"description":"Fecha y hora: Martes, 19 de noviembre a las 19 horas. Lugar: Plaza Esperanza Macarena (frente al Arco). Convoca: Plataforma Somos Migrantes (de la que forma parte APDHA). Concentraci\u00f3n \u00a1Plantemos cara al discurso de odio! Ven a defender la convivencia. \u00bfAlguien culpar\u00eda a los miles de j\u00f3venes espa\u00f1oles por migrar \u2026 Seguir Leyendo"}

Asociación Pro Derechos Humanos de Andalucía

19-11-2019 Concentración: ¡Plantemos cara a los discursos de odio! - Asociación Pro Derechos Humanos de Andalucía

<blockquote class="wp-embedded-content" data-secret="kbHJDO5BgD"><a href="https://www.apdha.org/sevilla/19-11-2019-concentracion-somos-migrantes/">19-11-2019 Concentración: ¡Plantemos cara a los discursos de odio!</a></blockquote><iframe sandbox="allow-scripts" security="restricted" src="https://www.apdha.org/sevilla/19-11-2019-concentracion-somos-migrantes/embed/#?secret=kbHJDO5BgD" width="600" height="338" title="«19-11-2019 Concentración: ¡Plantemos cara a los discursos de odio!» — Asociación Pro Derechos Humanos de Andalucía" data-secret="kbHJDO5BgD" frameborder="0" marginwidth="0" marginheight="0" scrolling="no" class="wp-embedded-content"></iframe><script type="text/javascript">
/* <![CDATA[ */
/*! This file is auto-generated */
!function(d,l){"use strict";l.querySelector&&d.addEventListener&&"undefined"!=typeof URL&&(d.wp=d.wp||{},d.wp.receiveEmbedMessage||(d.wp.receiveEmbedMessage=function(e){var t=e.data;if((t||t.secret||t.message||t.value)&&!/[^a-zA-Z0-9]/.test(t.secret)){for(var s,r,n,a=l.querySelectorAll('iframe[data-secret="'+t.secret+'"]'),o=l.querySelectorAll('blockquote[data-secret="'+t.secret+'"]'),c=new RegExp("^https?:$","i"),i=0;i<o.length;i++)o[i].style.display="none";for(i=0;i<a.length;i++)s=a[i],e.source===s.contentWindow&&(s.removeAttribute("style"),"height"===t.message?(1e3<(r=parseInt(t.value,10))?r=1e3:~~r<200&&(r=200),s.height=r):"link"===t.message&&(r=new URL(s.getAttribute("src")),n=new URL(t.value),c.test(n.protocol))&&n.host===r.host&&l.activeElement===s&&(d.top.location.href=t.value))}},d.addEventListener("message",d.wp.receiveEmbedMessage,!1),l.addEventListener("DOMContentLoaded",function(){for(var e,t,s=l.querySelectorAll("iframe.wp-embedded-content"),r=0;r<s.length;r++)(t=(e=s[r]).getAttribute("data-secret"))||(t=Math.random().toString(36).substring(2,12),e.src+="#?secret="+t,e.setAttribute("data-secret",t)),e.contentWindow.postMessage({message:"ready",secret:t},"*")},!1)))}(window,document);
/* ]]> */
</script>

Fecha y hora: Martes, 19 de noviembre a las 19 horas. Lugar: Plaza Esperanza Macarena (frente al Arco). Convoca: Plataforma Somos Migrantes (de la que forma parte APDHA). Concentración ¡Plantemos cara al discurso de odio! Ven a defender la convivencia. ¿Alguien culparía a los miles de jóvenes españoles por migrar … Seguir Leyendo
