{"version":"1.0","provider_name":"Asociaci\u00f3n Pro Derechos Humanos de Andaluc\u00eda","provider_url":"https:\/\/www.apdha.org\/sevilla","author_name":"apdha_sevilla","author_url":"https:\/\/www.apdha.org\/sevilla\/author\/apdha_sevilla\/","title":"20J| D\u00eda de las personas refugiadas - Asociaci\u00f3n Pro Derechos Humanos de Andaluc\u00eda","type":"rich","width":600,"height":338,"html":"<blockquote class=\"wp-embedded-content\" data-secret=\"PMBFufOHLi\"><a href=\"https:\/\/www.apdha.org\/sevilla\/20j-dia-de-las-personas-refugiadas\/\">20J| D\u00eda de las personas refugiadas<\/a><\/blockquote><iframe sandbox=\"allow-scripts\" security=\"restricted\" src=\"https:\/\/www.apdha.org\/sevilla\/20j-dia-de-las-personas-refugiadas\/embed\/#?secret=PMBFufOHLi\" width=\"600\" height=\"338\" title=\"\u00ab20J| D\u00eda de las personas refugiadas\u00bb \u2014 Asociaci\u00f3n Pro Derechos Humanos de Andaluc\u00eda\" data-secret=\"PMBFufOHLi\" frameborder=\"0\" marginwidth=\"0\" marginheight=\"0\" scrolling=\"no\" class=\"wp-embedded-content\"><\/iframe><script type=\"text\/javascript\">\n\/* <![CDATA[ *\/\n\/*! This file is auto-generated *\/\n!function(d,l){\"use strict\";l.querySelector&&d.addEventListener&&\"undefined\"!=typeof URL&&(d.wp=d.wp||{},d.wp.receiveEmbedMessage||(d.wp.receiveEmbedMessage=function(e){var t=e.data;if((t||t.secret||t.message||t.value)&&!\/[^a-zA-Z0-9]\/.test(t.secret)){for(var s,r,n,a=l.querySelectorAll('iframe[data-secret=\"'+t.secret+'\"]'),o=l.querySelectorAll('blockquote[data-secret=\"'+t.secret+'\"]'),c=new RegExp(\"^https?:$\",\"i\"),i=0;i<o.length;i++)o[i].style.display=\"none\";for(i=0;i<a.length;i++)s=a[i],e.source===s.contentWindow&&(s.removeAttribute(\"style\"),\"height\"===t.message?(1e3<(r=parseInt(t.value,10))?r=1e3:~~r<200&&(r=200),s.height=r):\"link\"===t.message&&(r=new URL(s.getAttribute(\"src\")),n=new URL(t.value),c.test(n.protocol))&&n.host===r.host&&l.activeElement===s&&(d.top.location.href=t.value))}},d.addEventListener(\"message\",d.wp.receiveEmbedMessage,!1),l.addEventListener(\"DOMContentLoaded\",function(){for(var e,t,s=l.querySelectorAll(\"iframe.wp-embedded-content\"),r=0;r<s.length;r++)(t=(e=s[r]).getAttribute(\"data-secret\"))||(t=Math.random().toString(36).substring(2,12),e.src+=\"#?secret=\"+t,e.setAttribute(\"data-secret\",t)),e.contentWindow.postMessage({message:\"ready\",secret:t},\"*\")},!1)))}(window,document);\n\/* ]]> *\/\n<\/script>\n","thumbnail_url":"https:\/\/www.apdha.org\/sevilla\/wp-content\/uploads\/WhatsApp-Image-2022-06-20-at-11.48.30-AM.jpeg","thumbnail_width":1485,"thumbnail_height":1600,"description":"&#x1f4e2;CONCENTRACI\u00d3N | D\u00eda de las personas refugiadas&#x1f4c5; 20 de junio de 2022&#x23f0; 20:30h.&#x1f4cd; Plaza de la Encarnaci\u00f3n- Las Setas (Sevilla) Desde la Plataforma Somos Migrantes, de la que forma parte la APDHA Sevilla, y en conjunto con todas las personas e instituciones que rechazamos las pol\u00edticas de muerte establecidas en \u2026 Seguir Leyendo"}

Asociación Pro Derechos Humanos de Andalucía

20J| Día de las personas refugiadas - Asociación Pro Derechos Humanos de Andalucía

<blockquote class="wp-embedded-content" data-secret="PMBFufOHLi"><a href="https://www.apdha.org/sevilla/20j-dia-de-las-personas-refugiadas/">20J| Día de las personas refugiadas</a></blockquote><iframe sandbox="allow-scripts" security="restricted" src="https://www.apdha.org/sevilla/20j-dia-de-las-personas-refugiadas/embed/#?secret=PMBFufOHLi" width="600" height="338" title="«20J| Día de las personas refugiadas» — Asociación Pro Derechos Humanos de Andalucía" data-secret="PMBFufOHLi" frameborder="0" marginwidth="0" marginheight="0" scrolling="no" class="wp-embedded-content"></iframe><script type="text/javascript">
/* <![CDATA[ */
/*! This file is auto-generated */
!function(d,l){"use strict";l.querySelector&&d.addEventListener&&"undefined"!=typeof URL&&(d.wp=d.wp||{},d.wp.receiveEmbedMessage||(d.wp.receiveEmbedMessage=function(e){var t=e.data;if((t||t.secret||t.message||t.value)&&!/[^a-zA-Z0-9]/.test(t.secret)){for(var s,r,n,a=l.querySelectorAll('iframe[data-secret="'+t.secret+'"]'),o=l.querySelectorAll('blockquote[data-secret="'+t.secret+'"]'),c=new RegExp("^https?:$","i"),i=0;i<o.length;i++)o[i].style.display="none";for(i=0;i<a.length;i++)s=a[i],e.source===s.contentWindow&&(s.removeAttribute("style"),"height"===t.message?(1e3<(r=parseInt(t.value,10))?r=1e3:~~r<200&&(r=200),s.height=r):"link"===t.message&&(r=new URL(s.getAttribute("src")),n=new URL(t.value),c.test(n.protocol))&&n.host===r.host&&l.activeElement===s&&(d.top.location.href=t.value))}},d.addEventListener("message",d.wp.receiveEmbedMessage,!1),l.addEventListener("DOMContentLoaded",function(){for(var e,t,s=l.querySelectorAll("iframe.wp-embedded-content"),r=0;r<s.length;r++)(t=(e=s[r]).getAttribute("data-secret"))||(t=Math.random().toString(36).substring(2,12),e.src+="#?secret="+t,e.setAttribute("data-secret",t)),e.contentWindow.postMessage({message:"ready",secret:t},"*")},!1)))}(window,document);
/* ]]> */
</script>

&#x1f4e2;CONCENTRACIÓN | Día de las personas refugiadas&#x1f4c5; 20 de junio de 2022&#x23f0; 20:30h.&#x1f4cd; Plaza de la Encarnación- Las Setas (Sevilla) Desde la Plataforma Somos Migrantes, de la que forma parte la APDHA Sevilla, y en conjunto con todas las personas e instituciones que rechazamos las políticas de muerte establecidas en … Seguir Leyendo
